be the first derivative of -f**4/4 + 5*f**3/3 - 3*f**2 + 12. What is t(m)?
-8
Let z(l) = -l**2 + 4*l - 4*l + 3*l + 6. Give z(6).
-12
Let d(f) = f**3 + 3*f**2 - 3*f - 3. Let l(x) = -3*x + 13. Let i be l(6). Let b = 0 - -1. Let o = b + i. Calculate d(o).
-7
Let w be (0 + 8)/((-8)/(-4)). Suppose 4*p - 27 = -0*p - 3*d, 2*p - d = 1. Let c(l) = 5*l - p*l - l + l. Give c(w).
8
Let f(g) = -5*g**3 + 5*g**2 + 10*g - 10. Let a(l) = 3*l**3 - 2*l**2 - 5*l + 5. Let t(u) = -7*a(u) - 4*f(u). Calculate t(-5).
5
Let i(h) = -h - 11. Let b = -18 + 11. Let x be i(b). Let o(s) = s**2 - s + s**3 + 2*s**2 - 3*s. What is o(x)?
0
Let y(v) = 6*v - 14. Let a(p) = 2*p - 5. Let b(r) = 17*a(r) - 6*y(r). Let x(n) = -n + 4. Let t be x(5). Give b(t).
1
Suppose -4 = 2*b + 6. Let z(p) = 7*p**2 + 5*p - 3. Let x(f) = -13*f**2 - 10*f + 6. Let v(t) = 6*x(t) + 11*z(t). What is v(b)?
3
Let k(a) be the third derivative of -a**6/10 + a**3/6 + a**2. Determine k(-1).
13
Let s be 12/5 - (-10)/(-25). Let p(u) = 2 + 2*u**2 - 3*u**2 + s*u - 3. What is p(1)?
0
Let w(r) be the third derivative of -r**5/60 - r**4/3 + 5*r**3/3 - 6*r**2. What is w(-7)?
17
Suppose o + 2*p = 3, -5*o + 3*p + 1 = -1. Let i be 6/12*(-5 - o). Let m = 2 + i. Let g(x) = -2*x - 1. Give g(m).
1
Let s(l) = -l**3 + 6*l**2 + 9*l - 9. Suppose -3*y = 2*b - 6*y - 14, -2*b + 14 = y. Give s(b).
5
Let k(o) = o**2 + o + 4. Let h = 23 + -27. Determine k(h).
16
Let i(g) = g**3 + 7*g**2 + 6*g - 3. Let h = 0 - 6. Calculate i(h).
-3
Let t(d) = d**3 - 6*d**2 - 6. Let h be -2 - 2 - (-3 + -7). Give t(h).
-6
Suppose -15 = -z - 6*h + h, -2*h + 4 = 0. Suppose y - 37 = -5*g, -1 - 2 = g - z*y. Let q(l) = -2 + g*l + 4*l**2 - 3*l**2 - 2*l**2. Calculate q(5).
8
Let b be -5*(42/15 - 2). Let f(r) = r + 7. Calculate f(b).
3
Let b(t) = -t**2 - 3*t - 2. Let p be b(-2). Suppose -2*z - 12 = -2*h + 7*h, p = h + 4. Let c(x) = -x**3 + 5*x**2 - 6*x + 2. Give c(z).
-6
Let u(x) = x**2 - 6*x + 5. Suppose -36 = -2*n - n. Let l be 34/8 + (-3)/n. Let f be u(l). Let h(r) = -r - 4. Calculate h(f).
-1
Suppose -4*m + 10*m = 24. Let h(a) = -2*a - 3. Let z(r) = -2*r - 4. Let d(u) = -5*h(u) + 4*z(u). Give d(m).
7
Let q(b) = b**3 + b**2 - b + 2. Suppose 0 = 2*a - 3*l - 2 - 1, -14 = -3*a - 5*l. Suppose a*y - 3*c + 3 = -9, 0 = 4*y + 4*c. Give q(y).
0
Let f(j) be the third derivative of 1/60*j**5 + 1/4*j**4 + 0 + 0*j - 1/2*j**3 + 6*j**2. Calculate f(-7).
4
Let v(j) be the second derivative of j**5/20 - j**4/3 + j**3/3 - 3*j**2/2 + 23*j - 2. What is v(4)?
5
Let j(u) = -5*u**3 - 9*u**2 - 2*u - 4. Let m(r) = -r - 8*r**2 - r - 9 - 11*r**3 - 11*r**2 - 2*r. Let f(s) = -13*j(s) + 6*m(s). What is f(3)?
4
Let d = 1 + 4. Suppose d = 5*n - 10. Let b(w) = w**3 - 5*w**2 + 4*w - 4. What is b(n)?
-10
Let u(l) = -l + 1. Let k(c) = c - 1. Let x(q) = -6*k(q) - 5*u(q). Let v(m) = -4*m + 35. Let s be v(10). Give x(s).
6
Let v be (4 + -13)*(-4)/6. Let i(k) = -4*k + 4*k + 4*k - v. Determine i(4).
10
Let t = -161 + 166. Let z(r) = r**2 - 3*r - 12. Calculate z(t).
-2
Let s(c) = -4*c**2 + c - 3. Let j(q) = -q**2 + 6*q - 7. Let x(d) = 3*d**2 - 17*d + 20. Let g(v) = 17*j(v) + 6*x(v). Let y(l) = 5*g(l) + s(l). What is y(-3)?
8
Suppose -1 - 9 = 2*t. Let o(k) be the third derivative of k**3 + 0 + 0*k + 1/12*k**4 + 3*k**2 - 1/12*k**5 - 1/120*k**6. Determine o(t).
-4
Let r(l) = -l**3 + 8*l**2 - 7*l - 8. Let n be (5/(-10))/(1/(-14)). What is r(n)?
-8
Let m = 25 - 29. Let z(h) = h**3 + 3*h**2 - 4*h + 4. Determine z(m).
4
Suppose 0 = -3*l + 7 + 2. Let j(b) be the first derivative of -4*b + 1/3*b**3 - 3/2*b**2 - 6. What is j(l)?
-4
Let o(f) = f**2 - 4*f + 1. Let m be ((-8)/(-10))/((-10)/(-25)). Give o(m).
-3
Let r = -714 - -712. Suppose -4*f - z + 0 = -3, 3*f + 4*z + 14 = 0. Let b(y) = -2*y + 1 - f*y**2 + 2*y. Give b(r).
-7
Suppose -4*s - 48 = -5*k, 0 = 5*k - 2 - 18. Let g(v) = v**2 + 6*v - 8. Give g(s).
-1
Let t(q) = -2 + 15*q - 38*q + 22*q. What is t(-7)?
5
Let i(v) = 3*v + 3. Let u = 0 + 3. Suppose -u*k = -k + 4. Calculate i(k).
-3
Let u(r) = -2*r - 1. Let b(p) = -4*p - 1. Let t = -3 + 1. Let k(a) = t*b(a) + 5*u(a). What is k(4)?
-11
Suppose 0 = -6*p + 7*p - 8. Let l(y) = y**2 - 6*y - 10. Let g be l(p). Let s(m) = m**2 - 6*m - 8. What is s(g)?
-8
Let q(b) = -7*b - 1. Let k = 4 + -3. Suppose 2*z - z - 4 = 3*x, 3*z + k = -4*x. Determine q(z).
-8
Let l(c) = c + 3. Let a = 9 - 2. Suppose -a + 2 = -5*x. Let s be (2 - 1)*-2 - x. What is l(s)?
0
Let u(n) = -2*n**2 - n. Let b(i) = i**3 - i**2. Let q be b(-1). Calculate u(q).
-6
Let z(d) = 5*d**3 - d**2 + d - 1. Suppose -5*v - 3 = -8*v. Calculate z(v).
4
Let l(x) = -x - x**2 - 2*x + 3 - 1. Suppose d = -2*k + 14, 10 = 5*k - 5. Let j = 5 - d. Determine l(j).
2
Let r = 82 + -88. Let o(z) = z**3 + 7*z**2 + 6*z + 2. Determine o(r).
2
Let b(x) = 6*x. Let t = 4 + -2. Determine b(t).
12
Let r(s) be the third derivative of s**5/60 + s**3/6 - 11*s**2. Determine r(0).
1
Let l(o) = -2*o - 2. Let q = 1 + -3. Let z be 5 + (-4)/q - 3. Determine l(z).
-10
Let k(n) = -n**3 - 3*n**2 - 2*n - 3. Let h be k(-3). Let t(y) = -2*y**2 + 3*y**3 + 2*y + h + 2*y - 4*y**3. Calculate t(-3).
0
Let h(x) be the second derivative of -x**3/6 - x**2/2 - 3*x. Let v be h(-3). Let w(k) = k**2 + 1. Let o(m) = -m**2 - m. Let i(n) = -o(n) - 2*w(n). Give i(v).
-4
Let g(q) = q**3 + q**2 + q + 3. Suppose -i - 3 = 1. Let r = i - -4. Give g(r).
3
Let r(u) be the first derivative of u**3/3 + 8*u - 11. Determine r(0).
8
Let p(z) = -z**2 - 6. Let s = -14 + 19. Determine p(s).
-31
Let r(w) be the second derivative of -5*w**3/6 - 3*w**2/2 - 9*w. Let f be ((-3)/4)/((-2)/(-8)). Determine r(f).
12
Let c(x) = x + 5*x + x + 3 - 3*x. Let l(a) = 5*a + 4. Let z(p) = 6*c(p) - 5*l(p). Suppose 2*b = -8 - 0. Give z(b).
2
Let i be -2 + 3 + 0 - -1. Let v be ((-1)/(-2) - -1)*i. Let s be (-2)/(9/v - 1). Let d(c) = -7*c**3 + c. Determine d(s).
6
Suppose 3*l = -4*f + 6, -3*l + 8 = l + 4*f. Let r(n) = -1 - l*n + 2*n + n + n**2 + n. Give r(1).
2
Let s(k) = -k**3 - 7*k**2 + 5. Let z be s(-7). Let p(n) = -n**2 - 1. Let b(a) = a**3 - 10*a**2 - 5*a - 2. Let c(j) = z*p(j) - b(j). Determine c(6).
-9
Let q(s) = s**2 - s. Let v(i) = 3*i**2 + 4*i - 2. Let b(k) = -4*q(k) + v(k). Give b(7).
5
Let a be (-1)/(-2) - 10/(-4). Let z = -8 + a. Let v(r) = -r**2 - 6*r - 2. Determine v(z).
3
Let q(f) = -f**2 + 9*f + 7. Let n(j) = -3*j**2 + 26*j + 21. Let m(l) = 3*n(l) - 8*q(l). Let o be m(7). Let d(z) = o - 7 + 2*z + z + z**2 + 0*z. Determine d(-5).
3
Let d be (1 + 2)/((-2)/(-2)). Suppose 0 = -4*a + 4*k + 36, -5*k + 32 + 35 = 3*a. Let f(s) = 0*s + a - d*s - 16. What is f(3)?
-11
Let z(w) = w**3 + w**2 - 5. Let i(n) = -9*n + 3*n + 5 + n**2 + 4. Let y be i(6). Suppose -s - d = 2*d - y, -d = 4*s - 3. Give z(s).
-5
Let d(k) = -3*k - 4*k + k**2 + 2 + 2*k. Let a be -4 + 1*(-8)/(-1). What is d(a)?
-2
Let f(d) = -3 + 3*d**3 + 6 + 0*d**3 - 4*d**2 - 4*d**3. What is f(-4)?
3
Suppose -o + 3*o + 36 = 4*p, -3*o + 45 = 5*p. Suppose -11 - p = 5*q. Let k(j) = 12*j - 8*j - 6*j + 1 - j**2. What is k(q)?
-7
Let u(a) = 10*a**2 + 5*a - 4. Let t(s) = -20*s**2 - 11*s + 9. Let b(z) = -4*t(z) - 9*u(z). What is b(-1)?
-9
Suppose 7*l + 7 = 6*l + 4*s, 5*s - 10 = 0. Let v(a) = -8*a**3 + a**2 + a - 1. Give v(l).
-7
Let v(h) = h**3 - 6*h**2 + 6*h. Suppose -4*t + 8 = -4*x, -8 = -t + 2*x - 7*x. Suppose -2*l - 5 = -t*l. Give v(l).
5
Suppose -h + 55 = 4*h - 5*v, -5*h + 45 = 5*v. Let b = -6 + h. Let n(s) = 0 + 4*s - 3*s**2 - b - 3 + 9*s**2 + s**3. Determine n(-5).
-2
Let g(j) = -j**3 + 7*j**2 + 13*j - 11. Let y = 22 - 14. Give g(y).
29
Let v(h) = -h**2 - h + 1. Suppose -1 - 1 = -p. Let i(a) = 7 - 1 + 1 - 3*a - 6*a**p. Let j(l) = -i(l) + 5*v(l). What is j(3)?
1
Let b(l) = -l**3 - 5*l**2 - 5*l + 1. Suppose 5*f = -3*w + 41, -4 = -5*f + 1. Let k be (2/4)/(3/w). Let d = k + -6. Calculate b(d).
5
Suppose 0 = s - 3*s - 10. Let k(a) = -5*a**3 - 9*a**2 - a + 1. Let y(c) = -6*c**3 - 10*c**2 - c + 1. Let m(z) = -5*k(z) + 4*y(z). What is m(s)?
-6
Let n = 0 - 0. Suppose -9*h + 183 = -24. Let k(f) = h - f**2 - 48 + 27. Determine k(n).
2
Let w(c) = c**3 - 2*c**2 - 2*c - 2. Let j be w(3). Let k(g) = g**3 + 2*g**2 - 2*g + 1. Let l be k(j). Let m(o) = -l*o + 0*o - 5 + o. What is m(-4)?
-1
Let j(h) be the second derivative of 6*h + 1/3*h**3 - h**2 + 0. Calculate j(2).
2
Let x(q) = 17*q**3 + q**2 + 5*q - 9. L